{"id":153,"date":"2023-09-05T11:08:13","date_gmt":"2023-09-05T11:08:13","guid":{"rendered":"https:\/\/aguila-miejscemocy.pl\/?post_type=product&#038;p=153"},"modified":"2023-10-26T11:24:43","modified_gmt":"2023-10-26T11:24:43","slug":"naszyjnik-ligia","status":"publish","type":"product","link":"https:\/\/aguila-miejscemocy.pl\/index.php\/produkt\/naszyjnik-ligia\/","title":{"rendered":"Naszyjnik Ligia"},"content":{"rendered":"<p>&nbsp;<\/p>\n<p>Brzoskwinie, \u00a0drzewa o mi\u0142osnych w\u0142a\u015bciwo\u015bciach od wiek\u00f3w uznawane s\u0105 za symbol witalno\u015bci i szcz\u0119\u015bcia. W dawnych czasach wierzono, \u017ce ich jedzenie zapewnia d\u0142ugowieczno\u015b\u0107. S\u0105 \u017ar\u00f3d\u0142em boskiej magii i nadprzyrodzonych si\u0142. Rzymianie uznawali je za symbol pi\u0119kna, p\u0142odno\u015bci ,czysto\u015bci i dziewictwa oraz silny afrodyzjak.<\/p>\n<p>&nbsp;<\/p>\n<div id=\"WidgetFloaterPanels\" class=\"LTRStyle\" style=\"text-align: left;direction: ltr\">\n<div id=\"WidgetFloater\"><\/div>\n<p>&nbsp;<\/p>\n<\/div>\n","protected":false},"excerpt":{"rendered":"<p>BRZOSKWINIA \u00a0MORELA \u00a0GRAB<\/p>\n<p>&nbsp;<\/p>\n<div id=\"WidgetFloaterPanels\" class=\"LTRStyle\" style=\"text-align: left;direction: ltr\">\n<div id=\"WidgetFloater\"><\/div>\n<p>&nbsp;<\/p>\n<\/div>\n","protected":false},"featured_media":154,"comment_status":"open","ping_status":"closed","template":"","meta":{"_et_pb_use_builder":"","_et_pb_old_content":"","_et_gb_content_width":""},"product_cat":[18,20],"product_tag":[],"jetpack_sharing_enabled":true,"_links":{"self":[{"href":"https:\/\/aguila-miejscemocy.pl\/index.php\/wp-json\/wp\/v2\/product\/153"}],"collection":[{"href":"https:\/\/aguila-miejscemocy.pl\/index.php\/wp-json\/wp\/v2\/product"}],"about":[{"href":"https:\/\/aguila-miejscemocy.pl\/index.php\/wp-json\/wp\/v2\/types\/product"}],"replies":[{"embeddable":true,"href":"https:\/\/aguila-miejscemocy.pl\/index.php\/wp-json\/wp\/v2\/comments?post=153"}],"wp:featuredmedia":[{"embeddable":true,"href":"https:\/\/aguila-miejscemocy.pl\/index.php\/wp-json\/wp\/v2\/media\/154"}],"wp:attachment":[{"href":"https:\/\/aguila-miejscemocy.pl\/index.php\/wp-json\/wp\/v2\/media?parent=153"}],"wp:term":[{"taxonomy":"product_cat","embeddable":true,"href":"https:\/\/aguila-miejscemocy.pl\/index.php\/wp-json\/wp\/v2\/product_cat?post=153"},{"taxonomy":"product_tag","embeddable":true,"href":"https:\/\/aguila-miejscemocy.pl\/index.php\/wp-json\/wp\/v2\/product_tag?post=153"}],"curies":[{"name":"wp","href":"https:\/\/api.w.org\/{rel}","templated":true}]}}