{"id":145,"date":"2023-09-05T10:56:32","date_gmt":"2023-09-05T10:56:32","guid":{"rendered":"https:\/\/aguila-miejscemocy.pl\/?post_type=product&#038;p=145"},"modified":"2023-10-26T11:44:25","modified_gmt":"2023-10-26T11:44:25","slug":"naszyjnik-fernanda","status":"publish","type":"product","link":"https:\/\/aguila-miejscemocy.pl\/index.php\/produkt\/naszyjnik-fernanda\/","title":{"rendered":"Naszyjnik Fernanda"},"content":{"rendered":"<p>&nbsp;<\/p>\n<p><span class=\"Apple-converted-space\">\u00a0<\/span>Kreatywno\u015b\u0107 ludzi zachwyca nas i przepe\u0142nia rado\u015bci\u0105.Wymy\u015blacie Wasz \u015bwiat, \u00a0wymy\u015blacie siebie, wiecie o tym \u017ce jeste\u015bcie pi\u0119kni i d\u0105\u017cycie do pe\u0142nej ekspresji tego pi\u0119kna. Jeste\u015bcie struktur\u0105 harmonii \u017cywio\u0142\u00f3w, utrzymywan\u0105 w formie fizycznej \u015bwietln\u0105 siateczk\u0105 ekscytacji wok\u00f3\u0142 iskry \u015bwiat\u0142a.Weronika D\u0105broska<\/p>\n<p>&nbsp;<\/p>\n<div id=\"WidgetFloaterPanels\" class=\"LTRStyle\" style=\"text-align: left;direction: ltr\">\n<div id=\"WidgetFloater\"><\/div>\n<p>&nbsp;<\/p>\n<\/div>\n","protected":false},"excerpt":{"rendered":"<p>BRZOSKWINIA \u00a0GRAB<\/p>\n","protected":false},"featured_media":146,"comment_status":"open","ping_status":"closed","template":"","meta":{"_et_pb_use_builder":"","_et_pb_old_content":"","_et_gb_content_width":""},"product_cat":[18,20],"product_tag":[],"jetpack_sharing_enabled":true,"_links":{"self":[{"href":"https:\/\/aguila-miejscemocy.pl\/index.php\/wp-json\/wp\/v2\/product\/145"}],"collection":[{"href":"https:\/\/aguila-miejscemocy.pl\/index.php\/wp-json\/wp\/v2\/product"}],"about":[{"href":"https:\/\/aguila-miejscemocy.pl\/index.php\/wp-json\/wp\/v2\/types\/product"}],"replies":[{"embeddable":true,"href":"https:\/\/aguila-miejscemocy.pl\/index.php\/wp-json\/wp\/v2\/comments?post=145"}],"wp:featuredmedia":[{"embeddable":true,"href":"https:\/\/aguila-miejscemocy.pl\/index.php\/wp-json\/wp\/v2\/media\/146"}],"wp:attachment":[{"href":"https:\/\/aguila-miejscemocy.pl\/index.php\/wp-json\/wp\/v2\/media?parent=145"}],"wp:term":[{"taxonomy":"product_cat","embeddable":true,"href":"https:\/\/aguila-miejscemocy.pl\/index.php\/wp-json\/wp\/v2\/product_cat?post=145"},{"taxonomy":"product_tag","embeddable":true,"href":"https:\/\/aguila-miejscemocy.pl\/index.php\/wp-json\/wp\/v2\/product_tag?post=145"}],"curies":[{"name":"wp","href":"https:\/\/api.w.org\/{rel}","templated":true}]}}