{"id":143,"date":"2023-09-05T10:50:49","date_gmt":"2023-09-05T10:50:49","guid":{"rendered":"https:\/\/aguila-miejscemocy.pl\/?post_type=product&#038;p=143"},"modified":"2023-10-26T11:33:01","modified_gmt":"2023-10-26T11:33:01","slug":"naszyjnik-raquel","status":"publish","type":"product","link":"https:\/\/aguila-miejscemocy.pl\/index.php\/produkt\/naszyjnik-raquel\/","title":{"rendered":"Naszyjnik Raquel"},"content":{"rendered":"<p>D\u0119by m\u00f3wi\u0105 o po\u0142\u0105czeniu mi\u0119dzy istotami. O po\u0142\u0105czeniu energii cz\u0142owieka i drzew i ich wzajemnej wymianie.D\u0105b m\u00f3wi o wewn\u0119trznej mocy : \u017ar\u00f3d\u0142o mocy jest w nas, to nasza w\u0142asna moc! Moc pochodzi ze \u017ar\u00f3d\u0142a z kt\u00f3rego pochodzimy.<span class=\"Apple-converted-space\">\u00a0<\/span>Nie potrzebujemy si\u0142y ale bycia w pe\u0142nej \u015bwiadomo\u015bci swojej mocy. Weronika D\u0105browska.<\/p>\n<p>&nbsp;<\/p>\n<p>&nbsp;<\/p>\n<div id=\"WidgetFloaterPanels\" class=\"LTRStyle\" style=\"text-align: left;direction: ltr\">\n<p>&nbsp;<\/p>\n<\/div>\n","protected":false},"excerpt":{"rendered":"<p>D\u0104B \u00a0MORELA \u00a0GRAB<\/p>\n","protected":false},"featured_media":144,"comment_status":"open","ping_status":"closed","template":"","meta":{"_et_pb_use_builder":"","_et_pb_old_content":"","_et_gb_content_width":""},"product_cat":[18,20],"product_tag":[],"jetpack_sharing_enabled":true,"_links":{"self":[{"href":"https:\/\/aguila-miejscemocy.pl\/index.php\/wp-json\/wp\/v2\/product\/143"}],"collection":[{"href":"https:\/\/aguila-miejscemocy.pl\/index.php\/wp-json\/wp\/v2\/product"}],"about":[{"href":"https:\/\/aguila-miejscemocy.pl\/index.php\/wp-json\/wp\/v2\/types\/product"}],"replies":[{"embeddable":true,"href":"https:\/\/aguila-miejscemocy.pl\/index.php\/wp-json\/wp\/v2\/comments?post=143"}],"wp:featuredmedia":[{"embeddable":true,"href":"https:\/\/aguila-miejscemocy.pl\/index.php\/wp-json\/wp\/v2\/media\/144"}],"wp:attachment":[{"href":"https:\/\/aguila-miejscemocy.pl\/index.php\/wp-json\/wp\/v2\/media?parent=143"}],"wp:term":[{"taxonomy":"product_cat","embeddable":true,"href":"https:\/\/aguila-miejscemocy.pl\/index.php\/wp-json\/wp\/v2\/product_cat?post=143"},{"taxonomy":"product_tag","embeddable":true,"href":"https:\/\/aguila-miejscemocy.pl\/index.php\/wp-json\/wp\/v2\/product_tag?post=143"}],"curies":[{"name":"wp","href":"https:\/\/api.w.org\/{rel}","templated":true}]}}

<p>Dęby mówią o połączeniu między istotami. O połączeniu energii człowieka i drzew i ich wzajemnej wymianie.Dąb mówi o wewnętrznej mocy : źródło mocy jest w nas, to nasza własna moc! Moc pochodzi ze źródła z którego pochodzimy.<span class="Apple-converted-space"> </span>Nie potrzebujemy siły ale bycia w pełnej świadomości swojej mocy. Weronika Dąbrowska.</p>
<p>&nbsp;</p>
<p>&nbsp;</p>
<div id="WidgetFloaterPanels" class="LTRStyle" style="text-align: left;direction: ltr">
<p>&nbsp;</p>
</div>

<p>DĄB  MORELA  GRAB</p>
